of l.
2, 3
Let z(a) = 90*a - 247. List the prime factors of z(5).
7, 29
Suppose 5*x + 4*h + 98 = 0, -5*h = 5*x - 0*x + 100. List the prime factors of -150*-3*(-4)/x.
2, 5
Let u(n) = n**3 + 16*n**2 + 3*n - 21. Let w be u(-16). Let s = w + 104. What are the prime factors of s?
5, 7
Let s(o) = -407*o - 25. List the prime factors of s(-1).
2, 191
Let k(g) = g**3 - 11*g**2 - 7*g + 62. List the prime factors of k(14).
2, 3, 23
Let u = 3 - -3. Suppose -536 = -u*t - 194. List the prime factors of t.
3, 19
Let m = -7 + 7. Suppose m = -2*t + 22. List the prime factors of t/(0/(-3) + 1).
11
Let t(z) = -3*z**3 + 5*z**2 + 9*z - 7. What are the prime factors of t(-4)?
229
Let u(i) = i**3 + 11*i**2 - i - 6. Let w be u(-11). Let t = w + -8. Let c(v) = -v**3 - 2*v**2 - 2*v - 4. List the prime factors of c(t).
11
Let u = -1982 + 5794. What are the prime factors of u?
2, 953
Let y(j) = 90*j**2 - 17*j + 62. List the prime factors of y(4).
2, 3, 239
Let b = -2754 - -4184. What are the prime factors of b?
2, 5, 11, 13
Suppose 2*h - u - 221 = 136, 2 = -2*u. List the prime factors of h.
2, 89
Let r(x) = 217*x**2 - 3*x + 18. List the prime factors of r(3).
2, 3, 109
Let q(p) = -p**2 - 8*p - 6. Let j be q(-7). Let h = j - -3. Let i(x) = 3*x - 6. What are the prime factors of i(h)?
2, 3
Let m = -214 + 221. What are the prime factors of m?
7
Suppose 0 = 43*m - 40*m - 9. Suppose 0 = -3*g - m*u + 513, 2*u - 168 = -g - 2*u. List the prime factors of g.
2, 43
Let w = 2691 + -1857. What are the prime factors of w?
2, 3, 139
What are the prime factors of (-10 + 12)/(321/(-323) + 1)?
17, 19
Suppose -20*l + 58175 = 15995. What are the prime factors of l?
3, 19, 37
Let r(u) = 2*u - 6. Let m be r(6). Let p = 9 - m. Suppose p*w = 5*w - 40. List the prime factors of w.
2, 5
Let o be (-1)/(-2*1/10). Suppose -4*r + 3 = -o. Suppose -3*a - 5*i = -9 - 24, 5*a - r*i - 55 = 0. List the prime factors of a.
11
Let k(v) = v**3 + 2*v**2 + 284. Let b(t) = t**2 - 14*t - 32. Let a be b(16). List the prime factors of k(a).
2, 71
Suppose -8 = -2*a - 2*o, -o = -3*a - 3*o + 9. Let p be 2/(0 - a/(-2)). Suppose 0*n + 112 = p*n. What are the prime factors of n?
2, 7
Let c(g) = 19*g - 3. What are the prime factors of c(27)?
2, 3, 5, 17
Let c = 128 + -59. Suppose 0 = 5*t - 3*d + 44, -4*d - 3 - 6 = 3*t. Let v = t + c. What are the prime factors of v?
2, 31
Let g be -10*2/(16/(-12)). Let i(d) = -d**3 - 8*d**2 + 9*d + 11. Let o be i(-9). Let t = g - o. List the prime factors of t.
2
Let v = -57 - -102. Let u = v + -28. List the prime factors of u.
17
Let w = -18 + 135. Let z = w - 69. What are the prime factors of z?
2, 3
Let i(f) = -19*f + 5. Let t = 4 + -5. List the prime factors of i(t).
2, 3
Let i = 6765 + -3739. What are the prime factors of i?
2, 17, 89
Suppose -3*u - 14 = 5*r, -5*r + 4*r = -5*u + 14. Let g be r - (-1 - -2)*-31. Suppose 2*w + w = g. List the prime factors of w.
3
Suppose -7*j - 3*j + 3800 = 0. List the prime factors of j.
2, 5, 19
Suppose -167*v - 23 = -168*v. Suppose -3*g + v = -2*m + 3*m, -g - 5*m - 11 = 0. List the prime factors of g.
3
Let d(y) = 246*y - 82. What are the prime factors of d(5)?
2, 7, 41
Suppose -u = -3*u + 10. Suppose -b - 2*b + 2*f = 5, -5*b + 3*f - 9 = 0. Let d = u + b. What are the prime factors of d?
2
Suppose -o + 309 = 3*i, -8*o = -12*o + 2*i + 1264. List the prime factors of o.
3, 5, 7
Let v(f) = 3*f**2 - 55*f - 94. Let d(r) = r**2 - 18*r - 31. Let o(u) = 7*d(u) - 2*v(u). What are the prime factors of o(20)?
3, 17
Suppose 95547 = 46*g - 29113. What are the prime factors of g?
2, 5, 271
Let z be 6/(((-5)/(15/(-9)))/(-76)). List the prime factors of 3/(-6)*(-3 - 3) - z.
5, 31
Let o(m) = -m**3 - 3*m**2 - m - 2. Let k(x) = -x**3 + x + 1. Let s be k(2). List the prime factors of o(s).
53
Suppose 4 = 4*n, 2*n - 1 + 3 = h. Suppose w + 5 = -h*j + 6, 0 = w + 2*j - 1. Let p = w + 21. What are the prime factors of p?
2, 11
What are the prime factors of 46/(-253) + (-81417)/33*-1?
2467
Let k = -152 - -105. Let g = 73 + k. Let v = g + -17. What are the prime factors of v?
3
Let q = -2 + 7. Suppose -h + 4*m + 13 = 0, -m + q*m = 8. What are the prime factors of h?
3, 7
Suppose 12*l - 10 = 7*l. Suppose -l*z - 4 = 2, 2*m + 45 = -z. Let t = 48 + m. What are the prime factors of t?
3
Let j(h) = -h**2 - 54*h + 487. List the prime factors of j(0).
487
Suppose -g = -0*x - 2*x - 1395, 4*x + 6975 = 5*g. What are the prime factors of g?
3, 5, 31
Let i = 2671 + -1371. What are the prime factors of i?
2, 5, 13
Suppose p - 5*p + 1444 = 2*g, 4 = 4*p. What are the prime factors of g?
2, 3, 5
Suppose -4*w = -12, 5*n + 0*w = -4*w + 3942. What are the prime factors of n?
2, 3, 131
Suppose 1113 - 19791 = -33*q. What are the prime factors of q?
2, 283
Suppose 0 = 3*r - h - 19, 2*r - 12 = -2*h - 2. Suppose 0 = -t - r*t + 392. List the prime factors of t.
2, 7
Suppose 0 = 5*m + 8*m. Suppose -5*p + 3*v + 647 = 5*v, -2*v + 131 = p. Suppose -3*z = -m*z - p. List the prime factors of z.
43
Suppose 6 = -7*n - 8. List the prime factors of -1 + ((-2)/n - (-40 - -9)).
31
Suppose 3*i + 1 - 9 = -2*p, 2*i - 3*p = 1. Suppose -2*o + 3*g = -32, o = i*g - g + 14. Suppose 4*b - o - 38 = 0. What are the prime factors of b?
2, 3
Suppose 3*m - 10323 = 3*o - 0*o, 0 = 3*m - 13*o - 10343. What are the prime factors of m?
19, 181
Suppose i - 5*t = 285, i - 3*t - 4 = 273. List the prime factors of i.
5, 53
Let l(y) be the first derivative of -y**4/6 + y**3/3 + 9*y**2/2 - 11. Let x(k) be the second derivative of l(k). List the prime factors of x(-2).
2, 5
Let g(c) = -34 + 0*c + 63 + 22*c - 39. List the prime factors of g(2).
2, 17
Let s be (-818)/(-6) - (-4)/18*3. What are the prime factors of (s/(-3) + 2/3)*-4?
2, 3, 5
Let x(w) = -30*w - 55. Let y be x(-9). Suppose -148 = -11*b + y. List the prime factors of b.
3, 11
Let x(d) = -2*d**3 + 14*d**2 + d + 25. Let n(q) = q**3 - 7*q**2 - 12. Let l(f) = -7*n(f) - 3*x(f). Let z be l(9). Let u = -127 - z. List the prime factors of u.
53
Let b = 1660 + -982. List the prime factors of b.
2, 3, 113
List the prime factors of (2432 + -1 + -6)/1.
5, 97
Let y(b) = 167*b + 521. List the prime factors of y(11).
2, 3, 131
Let m(y) = 7*y**2 - 10*y + 13. List the prime factors of m(-7).
2, 3, 71
Suppose 0 = -4*y + 8, 74*y = -f + 78*y + 797. List the prime factors of f.
5, 7, 23
Let y = 1975 - 1357. What are the prime factors of y?
2, 3, 103
Let k(h) = 3*h + 1. Let m = -16 + 19. Let p be k(m). Suppose q = 28 + p. What are the prime factors of q?
2, 19
Let l be -5 + 1 - (7 - (-6 + 147)). Suppose 530 = 6*f - l. List the prime factors of f.
2, 5, 11
Suppose 1278 = q + q. Suppose 4*k + q = 159. What are the prime factors of (8/(-5))/(16/k)?
2, 3
Suppose 4*o = 40 + 8. Suppose -2*l = l - o. What are the prime factors of l/(-30) - (-3528)/135?
2, 13
Let f(r) = 6*r - 28. Let v(i) = 2*i - 9. Let p(o) = -5*f(o) + 14*v(o). List the prime factors of p(-9).
2
Suppose 4 = 3*d + x, -2*d + 2*x = 4*x - 8. Let m = d - -2. What are the prime factors of (2/(-6))/(m/(-102))?
17
Let o = -41 - -130. What are the prime factors of (o + -3)*(5/2 + -1)?
3, 43
Let x(f) = f + 4. Let r be x(-5). Let o(h) be the first derivative of 11*h**3/3 + h**2/2 - 53. List the prime factors of o(r).
2, 5
Suppose -4*z + 61 = -5*r, -4*z + 3*r - r = -46. List the prime factors of (0 + 2 + 1)*390/z.
2, 5, 13
Let z(w) = 32*w**2 - 6*w - 11. Let b be z(-6). Suppose -7*j - 351 = -b. List the prime factors of j.
2, 59
Suppose -2*v + 3*l + 2384 = 0, 3*v + 5*l = 5*v - 2380. List the prime factors of v.
5, 239
Let s = 356 - 233. What are the prime factors of s?
3, 41
Suppose 4*j - 2*j - 4 = 0. Suppose -28 = p + j*p - 5*w, 5*w = 25. Let k = 13 - p. What are the prime factors of k?
2, 7
Let u = -463 - -947. List the prime factors of u.
2, 11
Suppose -3*i + 15 = 0, 2*g - 219 = 3*i + 484. What are the prime factors of g?
359
Let g(y) = y**3 - 34*y**2 + 49*y + 6. List the prime factors of g(33).
2, 3, 89
Let t = 107 + -72. Let q be 21/2 + 6/4. Let p = t - q. List the prime factors of p.
23
Suppose 0 = -14*i + 13*i + 4. Suppose -34 = -2*r + 46. Suppose i*t - r = -t. List the prime factors of t.
2
Let o = -104 + -85. Let n = -103 - o. List the prime factors of n.
2, 43
Let l(z) be the third derivative of 0*z - 1/60*z**5 - 2*z**2 + 0 - 7/6*z**3 + 